604676 is divided by 2007?
104
Calculate the remainder when 97583 is divided by 2429.
423
Calculate the remainder when 93445 is divided by 224.
37
Calculate the remainder when 40366984 is divided by 376.
0
Calculate the remainder when 1149567 is divided by 574773.
21
Calculate the remainder when 7291471 is divided by 309.
307
Calculate the remainder when 4178684 is divided by 232.
132
What is the remainder when 327883486 is divided by 371?
364
What is the remainder when 77816 is divided by 7021?
585
Calculate the remainder when 81115882 is divided by 12.
10
What is the remainder when 207237 is divided by 365?
282
What is the remainder when 105703599 is divided by 573?
570
Calculate the remainder when 202988384 is divided by 14.
4
What is the remainder when 651709 is divided by 5529?
4816
Calculate the remainder when 1636759711 is divided by 8843.
8841
What is the remainder when 1433347857 is divided by 1020?
1017
Calculate the remainder when 6459474 is divided by 1584.
1506
What is the remainder when 1418659 is divided by 74666?
5
What is the remainder when 26089288 is divided by 20?
8
Calculate the remainder when 82134 is divided by 82094.
40
Calculate the remainder when 2552346 is divided by 10292.
10222
Calculate the remainder when 1280908 is divided by 468.
460
Calculate the remainder when 9730272 is divided by 7.
6
Calculate the remainder when 69279291 is divided by 311.
309
What is the remainder when 23257939 is divided by 58?
55
What is the remainder when 1680233 is divided by 582?
581
What is the remainder when 4219167 is divided by 1006?
3
Calculate the remainder when 1663926 is divided by 6.
0
What is the remainder when 19043 is divided by 695?
278
Calculate the remainder when 156643 is divided by 2186.
1437
What is the remainder when 180643 is divided by 59209?
3016
Calculate the remainder when 40789337 is divided by 317.
313
What is the remainder when 165615433 is divided by 79?
70
Calculate the remainder when 11030633 is divided by 648857.
64
What is the remainder when 50676995 is divided by 425?
420
What is the remainder when 1326452 is divided by 20094?
248
What is the remainder when 57011 is divided by 2277?
86
What is the remainder when 340663 is divided by 3628?
3259
What is the remainder when 12096422 is divided by 34860?
2
Calculate the remainder when 9986158 is divided by 40.
38
What is the remainder when 9094411 is divided by 80481?
58
Calculate the remainder when 125610261 is divided by 1053.
1050
What is the remainder when 2277855 is divided by 109?
82
What is the remainder when 2884192 is divided by 274?
68
Calculate the remainder when 2744221 is divided by 9272.
8981
Calculate the remainder when 189827 is divided by 189713.
114
Calculate the remainder when 1339969 is divided by 78817.
80
Calculate the remainder when 163956 is divided by 1711.
1411
Calculate the remainder when 10786 is divided by 896.
34
What is the remainder when 38052099 is divided by 185?
4
Calculate the remainder when 669342 is divided by 669058.
284
What is the remainder when 63271 is divided by 3721?
14
What is the remainder when 132675 is divided by 1491?
1467
What is the remainder when 147355281 is divided by 17?
12
Calculate the remainder when 361647 is divided by 2055.
2022
What is the remainder when 57655359 is divided by 1550?
9
Calculate the remainder when 4523271 is divided by 519.
186
What is the remainder when 2852787 is divided by 33?
3
Calculate the remainder when 190455 is divided by 1120.
55
Calculate the remainder when 34940829 is divided by 1346.
15
What is the remainder when 87884176 is divided by 7571?
8
What is the remainder when 5632766 is divided by 110?
106
Calculate the remainder when 1450060 is divided by 480.
460
Calculate the remainder when 3907495 is divided by 2532.
619
Calculate the remainder when 7027706 is divided by 1756898.
114
Calculate the remainder when 1171682 is divided by 130186.
8
Calculate the remainder when 1780062 is divided by 4406.
38
What is the remainder when 126211 is divided by 1191?
1156
Calculate the remainder when 71065 is divided by 230.
225
What is the remainder when 1700444 is divided by 217?
32
What is the remainder when 1663803 is divided by 3368?
11
Calculate the remainder when 5484167 is divided by 236.
235
What is the remainder when 596 is divided by 521?
75
Calculate the remainder when 4792723 is divided by 1787.
1776
Calculate the remainder when 2059510 is divided by 82380.
10
What is the remainder when 505890 is divided by 126253?
878
Calculate the remainder when 175384 is divided by 196.
160
What is the remainder when 22308024 is divided by 6403?
6375
Calculate the remainder when 7573937 is divided by 175.
112
What is the remainder when 636653 is divided by 636637?
16
Calculate the remainder when 44007 is divided by 10334.
2671
What is the remainder when 2430563 is divided by 1215151?
261
What is the remainder when 155401 is divided by 438?
349
What is the remainder when 9884654 is divided by 141?
131
Calculate the remainder when 7871729 is divided by 19106.
57
What is the remainder when 34281 is divided by 6224?
3161
Calculate the remainder when 2413162 is divided by 219378.
4
Calculate the remainder when 59328395 is divided by 33.
5
Calculate the remainder when 527350 is divided by 172718.
9196
What is the remainder when 17812340 is divided by 6634?
50
Calculate the remainder when 138969803 is divided by 4342806.
11
Calculate the remainder when 38440 is divided by 4264.
64
Calculate the remainder when 1541384 is divided by 93.
2
Calculate the remainder when 343060 is divided by 27.
25
Calculate the remainder when 114803 is divided by 56710.
1383
Calculate the remainder when 149613 is divided by 469.
2
Calculate the remainder when 10411822 is divided by 2082357.
37
Calculate the remainder when 700495 is divided by 63681.
4
Calculate the remainder when 2187724 is divided by 254.
22
What is the remainder when 48255 is divided by 3739?
3387
What is the remainder when 140717 is divided by 69388?
1941
Calculate the remainder when 6438128 is divided by 6438122.
6
Calculate the remainder when 11586281 is divided by 146.
13
What is the remainder when 16125392 is divided by 8062651?
90
What is the remainder when 1920829 is divided by 419?
133
What is the remainder when 53707263 is divided by 1167549?
9
What is the remainder when 382492 is divided by 6954?
22
What is the remainder when 6445264 is divided by 22?
12
What is the remainder when 5648935 is divided by 43?
25
What is the remainder when 271167 is divided by 1104?
687
Calculate the remainder when 1584883 is divided by 226405.
48
Calculate the remainder when 182740 is divided by 297.
85
What is the remainder when 36271179 is divided by 2607?
2595
Calculate the remainder when 43794129 is divided by 1485.
1479
What is the remainder when 499 is divided by 304?
195
Calculate the remainder when 181514 is divided by 4905.
29
What is the remainder when 696207 is divided by 229?
47
What is the remainder when 3126160 is divided by 649?
576
Calculate the remainder when 4719281 is divided by 2359610.
61
What is the remainder when 1121477621 is divided by 4556?
4553
What is the remainder when 12593013 is divided by 2022?
2019
Calculate the remainder when 96904 is divided by 11512.
4808
Calculate the remainder when 89619521 is divided by 77.
68
What is the remainder when 4982986 is divided by 1117?
49
Calculate the remainder when 94138400 is divided by 23534600.
0
What is the remainder when 2060641 is divided by 134?
123
What is the remainder when 75746232 is divided by 75746225?
7
What is the remainder when 777240 is divided by 777064?
176
Calculate the remainder when 423046 is divided by 84576.
166
Calculate the remainder when 3231742 is divided by 3231719.
23
Calculate the remainder when 174643 is divided by 723.
400
Calculate the remainder when 24210 is divided by 1537.
1155
Calculate the remainder when 2672136 is divided by 14.
12
What is the remainder when 9431969 is divided by 2357991?
5
Calculate the remainder when 202457 is divided by 3965.
242
Calculate the remainder when 1069841 is divided by 246.
233
Calculate the remainder when 404025 is divided by 1172.
857
What is the remainder when 707530 is divided by 235785?
175
What is the r